{"id":2548,"date":"2015-08-22T16:52:02","date_gmt":"2015-08-22T15:52:02","guid":{"rendered":"http:\/\/www.jillpeters.de\/home\/?page_id=2548"},"modified":"2022-05-15T11:25:17","modified_gmt":"2022-05-15T10:25:17","slug":"schick-an-der-leine","status":"publish","type":"page","link":"https:\/\/www.jillpeters.de\/home\/design\/schick-an-der-leine\/","title":{"rendered":"Schick an der Leine"},"content":{"rendered":"\n<p><strong>Handgefertigte Halsb\u00e4nder aus US Cord\/Biothane f\u00fcr Ihren Hund &#8211; vorgefertigt oder individuell nach Ma\u00df.<\/strong><\/p>\n\n\n\n<p>Jedes Halsband ist ein Unikat und Hingucker. Ich verwende hochwertiges USA Cord Typ III oder auch 550 Cord genannt, wobei die 550 Aufschluss auf die Mindestbruchlast (550 Pfund\/249 kg) gibt. Es besteht aus mindestens sieben Kernf\u00e4den (&#8222;Seelen&#8220;) und einer Ummantelung aus 32 einzelnen und eng verflochtenen F\u00e4den.<\/p>\n\n\n\n<p>Der Begriff &#8222;Paracord&#8220; oder auch &#8222;US Cord&#8220; ist die Abk\u00fcrzung f\u00fcr Parachute Cord = Fallschirmleine. Es wurde im 2. Weltkrieg von amerikanischen Fallschirmj\u00e4gern als Fangleine f\u00fcr ihre Fallschirme und im Einsatz dar\u00fcber hinaus genutzt. Heutzutage wird das stabile Material nicht nur von den Amerikanischen Streitkr\u00e4ften eingesetzt, sondern findet ebenfalls in Bereichen wie Outdoor, Survival, Bergsteigen etc. Verwendung. Auch aus US Cord geflochtene Accessoires wie Armb\u00e4nder, Schl\u00fcssel- oder Pfeifenb\u00e4nder sind angesagt &#8211; Nicht wenige Hundehalter sch\u00e4tzen den &#8222;Partnerlook&#8220; mit ihrem Hund und tragen zum Halsband passende Accessoires.<\/p>\n\n\n\n<p>Gleichzeitig sind Halsb\u00e4nder als auch Armb\u00e4nder praktische &#8222;Helferlein&#8220;: Im Notfall oder f\u00fcr spezielle Vorhaben lassen sich die Flechtwerke entknoten und die widerstandskr\u00e4ftige Schnur nutzen. Die Schnurl\u00e4nge betr\u00e4gt zwischen 2-5 Metern bei einem Armband und kann bei einem Hundehalsband (zusammen geknotet) sogar durchaus 25 Meter erreichen.<\/p>\n\n\n\n<p>Der Fantasie sind keine Grenzen gesetzt: Das Farbangebot bei US Cord ist riesig und l\u00e4sst Spiel f\u00fcr unz\u00e4hlige tolle Farbkombinationen.<\/p>\n\n\n\n<p><span style=\"font-size: 8pt;\"><em>(Aufgef\u00fchrte Firmen-, Markennamen und Warenzeichen sind Eigentum des jeweiligen Herstellers und dienen lediglich der Beschreibung sowie der eindeutigen Identifikation.)<\/em><\/span><\/p>\n\n\n\n<h3 class=\"wp-block-heading\">Halsband-FAQ:<\/h3>\n\n\n\n<ol class=\"wp-block-list\"><li><a href=\"https:\/\/www.jillpeters.de\/home\/design\/schick-an-der-leine\/muster-farben-verschluesse#farben\">Welche Farben gibt es?<\/a><\/li><li><a href=\"https:\/\/www.jillpeters.de\/home\/design\/schick-an-der-leine\/muster-farben-verschluesse#muster\">Welche Muster gibt es?<\/a><\/li><li><a href=\"https:\/\/www.jillpeters.de\/home\/design\/schick-an-der-leine\/muster-farben-verschluesse#verschluss\">Welche Verschlussarten gibt es?<\/a><\/li><li><a href=\"https:\/\/www.jillpeters.de\/home\/design\/schick-an-der-leine\/wie-messe-ich-richtig\/\">Wie messe ich richtig?<\/a><\/li><li><a href=\"https:\/\/www.jillpeters.de\/home\/design\/schick-an-der-leine\/bestellung\/\">Wie bestelle ich?<\/a><\/li><li><a href=\"https:\/\/www.jillpeters.de\/home\/design\/schick-an-der-leine\/pflegehinweise\/\">Wie pflegt man US Cord?<\/a><\/li><\/ol>\n\n\n\n<h4 class=\"wp-block-heading\">Beispiele f\u00fcr Halsb\u00e4nder und Flechtmuster:<\/h4>\n\n\n\nngg_shortcode_0_placeholder\n","protected":false},"excerpt":{"rendered":"<p>Handgefertigte Halsb\u00e4nder aus US Cord\/Biothane f\u00fcr Ihren Hund &#8211; vorgefertigt oder individuell nach Ma\u00df. Jedes Halsband ist ein Unikat und Hingucker. Ich verwende hochwertiges USA Cord Typ III oder auch 550 Cord genannt, wobei die 550 Aufschluss auf die Mindestbruchlast <span class=\"excerpt-dots\">&hellip;<\/span> <a class=\"more-link\" href=\"https:\/\/www.jillpeters.de\/home\/design\/schick-an-der-leine\/\"><span class=\"more-msg\">Weiterlesen &rarr;<\/span><\/a><\/p>\n","protected":false},"author":1,"featured_media":4276,"parent":41,"menu_order":1,"comment_status":"closed","ping_status":"closed","template":"","meta":{"ngg_post_thumbnail":0,"jetpack_post_was_ever_published":false,"footnotes":""},"class_list":["post-2548","page","type-page","status-publish","has-post-thumbnail","hentry"],"jetpack_shortlink":"https:\/\/wp.me\/P2sPVv-F6","jetpack_sharing_enabled":true,"_links":{"self":[{"href":"https:\/\/www.jillpeters.de\/home\/wp-json\/wp\/v2\/pages\/2548","targetHints":{"allow":["GET"]}}],"collection":[{"href":"https:\/\/www.jillpeters.de\/home\/wp-json\/wp\/v2\/pages"}],"about":[{"href":"https:\/\/www.jillpeters.de\/home\/wp-json\/wp\/v2\/types\/page"}],"author":[{"embeddable":true,"href":"https:\/\/www.jillpeters.de\/home\/wp-json\/wp\/v2\/users\/1"}],"replies":[{"embeddable":true,"href":"https:\/\/www.jillpeters.de\/home\/wp-json\/wp\/v2\/comments?post=2548"}],"version-history":[{"count":31,"href":"https:\/\/www.jillpeters.de\/home\/wp-json\/wp\/v2\/pages\/2548\/revisions"}],"predecessor-version":[{"id":5902,"href":"https:\/\/www.jillpeters.de\/home\/wp-json\/wp\/v2\/pages\/2548\/revisions\/5902"}],"up":[{"embeddable":true,"href":"https:\/\/www.jillpeters.de\/home\/wp-json\/wp\/v2\/pages\/41"}],"wp:featuredmedia":[{"embeddable":true,"href":"https:\/\/www.jillpeters.de\/home\/wp-json\/wp\/v2\/media\/4276"}],"wp:attachment":[{"href":"https:\/\/www.jillpeters.de\/home\/wp-json\/wp\/v2\/media?parent=2548"}],"curies":[{"name":"wp","href":"https:\/\/api.w.org\/{rel}","templated":true}]}}